{"id":15,"date":"2023-05-31T15:09:18","date_gmt":"2023-05-31T19:09:18","guid":{"rendered":"https:\/\/portalsismed.com.br\/?page_id=15"},"modified":"2025-03-24T13:14:58","modified_gmt":"2025-03-24T17:14:58","slug":"produtos","status":"publish","type":"page","link":"https:\/\/portalsismed.com.br\/?page_id=15","title":{"rendered":"SisMed"},"content":{"rendered":"\n<p><\/p>\n\n\n\n<p>Voc\u00ea j\u00e1 conhece o SisMed? \u00c9 um sistema de gest\u00e3o para hospitais e cl\u00ednicas que facilita o seu dia a dia e melhora a qualidade dos seus servi\u00e7os. O SisMed \u00e9 desenvolvido pela Portal Tecnologia, uma empresa que h\u00e1 mais de 25 anos oferece solu\u00e7\u00f5es inovadoras e de alta qualidade para o setor de sa\u00fade.<\/p>\n\n\n\n<p>Com o SisMed, voc\u00ea pode:<\/p>\n\n\n\n<p>Controlar todas as \u00e1reas do seu hospital ou cl\u00ednica, desde o agendamento at\u00e9 o faturamento, com um sistema integrado e f\u00e1cil de usar.<br>Cadastrar e consultar os dados dos seus pacientes, m\u00e9dicos, conv\u00eanios, exames, receitas e or\u00e7amentos, com seguran\u00e7a e agilidade.<br>Comunicar-se com os seus pacientes e m\u00e9dicos, al\u00e9m de oferecer recursos como prontu\u00e1rio eletr\u00f4nico, prescri\u00e7\u00e3o digital, com o aplicativo SisMed Mobile.<br>O SisMed \u00e9 a solu\u00e7\u00e3o ideal para voc\u00ea que quer modernizar o seu hospital ou cl\u00ednica e proporcionar uma melhor experi\u00eancia para os seus clientes e colaboradores. A Portal Tecnologia tem como miss\u00e3o melhorar a sa\u00fade das pessoas e a efici\u00eancia dos profissionais, com \u00e9tica, comprometimento e satisfa\u00e7\u00e3o. A vis\u00e3o da empresa \u00e9 ser refer\u00eancia em sistemas de sa\u00fade no Brasil e no mundo.<\/p>\n\n\n\n<p>N\u00e3o perca tempo e entre em contato com a Portal Tecnologia para saber mais sobre o SisMed. Voc\u00ea vai se surpreender com os benef\u00edcios que esse sistema pode trazer para o seu neg\u00f3cio. <br><\/p>\n\n\n\n<p><a href=\"mailto:contato@portalsismed.com.br\">contato@portalsismed.com.br<\/a><\/p>\n\n\n\n<p><\/p>\n\n\n\n<p><\/p>\n\n\n\n<p><\/p>\n","protected":false},"excerpt":{"rendered":"<p>Voc\u00ea j\u00e1 conhece o SisMed? \u00c9 um sistema de gest\u00e3o para hospitais e cl\u00ednicas que facilita o seu dia a dia e melhora a qualidade dos seus servi\u00e7os. O SisMed \u00e9 desenvolvido pela Portal Tecnologia, uma empresa que h\u00e1 mais de 25 anos oferece solu\u00e7\u00f5es inovadoras e de alta qualidade para o setor de sa\u00fade. [&hellip;]<\/p>\n","protected":false},"author":1,"featured_media":0,"parent":0,"menu_order":0,"comment_status":"closed","ping_status":"closed","template":"","meta":{"footnotes":""},"class_list":["post-15","page","type-page","status-publish","hentry"],"_links":{"self":[{"href":"https:\/\/portalsismed.com.br\/index.php?rest_route=\/wp\/v2\/pages\/15","targetHints":{"allow":["GET"]}}],"collection":[{"href":"https:\/\/portalsismed.com.br\/index.php?rest_route=\/wp\/v2\/pages"}],"about":[{"href":"https:\/\/portalsismed.com.br\/index.php?rest_route=\/wp\/v2\/types\/page"}],"author":[{"embeddable":true,"href":"https:\/\/portalsismed.com.br\/index.php?rest_route=\/wp\/v2\/users\/1"}],"replies":[{"embeddable":true,"href":"https:\/\/portalsismed.com.br\/index.php?rest_route=%2Fwp%2Fv2%2Fcomments&post=15"}],"version-history":[{"count":7,"href":"https:\/\/portalsismed.com.br\/index.php?rest_route=\/wp\/v2\/pages\/15\/revisions"}],"predecessor-version":[{"id":481,"href":"https:\/\/portalsismed.com.br\/index.php?rest_route=\/wp\/v2\/pages\/15\/revisions\/481"}],"wp:attachment":[{"href":"https:\/\/portalsismed.com.br\/index.php?rest_route=%2Fwp%2Fv2%2Fmedia&parent=15"}],"curies":[{"name":"wp","href":"https:\/\/api.w.org\/{rel}","templated":true}]}}